{"id":71,"date":"2016-09-23T22:08:34","date_gmt":"2016-09-23T20:08:34","guid":{"rendered":"http:\/\/www.schuh-henzl.de\/?page_id=71"},"modified":"2026-03-09T18:21:20","modified_gmt":"2026-03-09T17:21:20","slug":"orthopaedie","status":"publish","type":"page","link":"https:\/\/www.schuh-henzl.de\/?page_id=71","title":{"rendered":"Orthop\u00e4die"},"content":{"rendered":"<h6 style=\"text-align: left;\"><\/h6>\n<h6 style=\"text-align: left;\"><span style=\"color: #00ccff;\">Orthop\u00e4dische Ma\u00dfschuhe<\/span><\/h6>\n<p style=\"text-align: left;\">Hierbei handelt es sich um einen Schuh, der in Einzelanfertigung hergestellt wird und mit erforderlichen Zusatzarbeiten<br \/>\nzum orthop\u00e4dischen Ma\u00dfschuh wird.<br \/>\nEr wird f\u00fcr den erkrankten oder funktionsgest\u00f6rten Fu\u00df erstellt und \u00fcber einen individuellen Leisten handwerklich gefertigt.<\/p>\n<table style=\"height: 384px; width: 100%; border-collapse: collapse; border-style: none;\">\n<tbody>\n<tr style=\"height: 384px;\">\n<td style=\"width: 51.3486%; height: 384px; border-style: hidden;\"><img loading=\"lazy\" decoding=\"async\" class=\"alignnone size-full wp-image-366\" src=\"https:\/\/www.schuh-henzl.de\/wp-content\/uploads\/2020\/12\/4-scaled.jpg\" alt=\"\" width=\"2560\" height=\"1920\" srcset=\"https:\/\/www.schuh-henzl.de\/wp-content\/uploads\/2020\/12\/4-scaled.jpg 2560w, https:\/\/www.schuh-henzl.de\/wp-content\/uploads\/2020\/12\/4-900x675.jpg 900w, https:\/\/www.schuh-henzl.de\/wp-content\/uploads\/2020\/12\/4-400x300.jpg 400w, https:\/\/www.schuh-henzl.de\/wp-content\/uploads\/2020\/12\/4-768x576.jpg 768w, https:\/\/www.schuh-henzl.de\/wp-content\/uploads\/2020\/12\/4-1536x1152.jpg 1536w, https:\/\/www.schuh-henzl.de\/wp-content\/uploads\/2020\/12\/4-2048x1536.jpg 2048w\" sizes=\"auto, (max-width: 2560px) 100vw, 2560px\" \/><\/td>\n<td style=\"width: 48.6514%; height: 384px; border-style: hidden;\"><img loading=\"lazy\" decoding=\"async\" class=\"alignnone size-full wp-image-266\" src=\"https:\/\/www.schuh-henzl.de\/wp-content\/uploads\/2020\/11\/5-e1608202019467.jpeg\" alt=\"\" width=\"674\" height=\"540\" srcset=\"https:\/\/www.schuh-henzl.de\/wp-content\/uploads\/2020\/11\/5-e1608202019467.jpeg 674w, https:\/\/www.schuh-henzl.de\/wp-content\/uploads\/2020\/11\/5-e1608202019467-400x320.jpeg 400w\" sizes=\"auto, (max-width: 674px) 100vw, 674px\" \/><\/td>\n<\/tr>\n<\/tbody>\n<\/table>\n<h6 style=\"text-align: left;\"><span style=\"color: #00ccff;\"> Orthop\u00e4dische Einlagen<\/span><\/h6>\n<p style=\"text-align: left;\">Einlagen dienen\u00a0 zur Korrektur, St\u00fctzung, Bettung oder Entlastung von Fu\u00dfdeformit\u00e4ten.<br \/>\nSie werden aus Kork, Leder oder\u00a0 thermoplastischen Kunststoffen gefertigt.<\/p>\n<table style=\"width: 100%; border-collapse: collapse; border-style: hidden;\">\n<tbody>\n<tr>\n<td style=\"width: 50%; border-style: hidden;\">\n<h6><img loading=\"lazy\" decoding=\"async\" class=\"alignnone wp-image-301 size-full\" src=\"https:\/\/www.schuh-henzl.de\/wp-content\/uploads\/2020\/12\/1-e1608198813880.jpeg\" alt=\"\" width=\"1024\" height=\"768\" srcset=\"https:\/\/www.schuh-henzl.de\/wp-content\/uploads\/2020\/12\/1-e1608198813880.jpeg 1024w, https:\/\/www.schuh-henzl.de\/wp-content\/uploads\/2020\/12\/1-e1608198813880-900x675.jpeg 900w, https:\/\/www.schuh-henzl.de\/wp-content\/uploads\/2020\/12\/1-e1608198813880-400x300.jpeg 400w, https:\/\/www.schuh-henzl.de\/wp-content\/uploads\/2020\/12\/1-e1608198813880-768x576.jpeg 768w\" sizes=\"auto, (max-width: 1024px) 100vw, 1024px\" \/><\/h6>\n<\/td>\n<td style=\"width: 50%;\"><\/td>\n<\/tr>\n<\/tbody>\n<\/table>\n<h6 style=\"text-align: left;\"><span style=\"color: #00ccff;\">Orthop\u00e4dische Schuhzurichtung<\/span><\/h6>\n<p style=\"text-align: left;\">Orthop\u00e4dische Zurichtungen sind \u00c4nderungen am Konfektionsschuh, die am Absatz, an der Sohle oder im Schuh<br \/>\nvorgenommen werden. Sie dienen dazu, Fu\u00dfbeschwerden oder Fehlstellungen zu mindern oder zu beseitigen.<\/p>\n<table style=\"width: 100%; border-collapse: collapse; border-style: hidden;\">\n<tbody>\n<tr>\n<td style=\"width: 50%; border-style: hidden;\">\n<h6><img loading=\"lazy\" decoding=\"async\" class=\"alignnone  wp-image-267\" src=\"https:\/\/www.schuh-henzl.de\/wp-content\/uploads\/2020\/11\/6-900x675.jpeg\" alt=\"\" width=\"597\" height=\"448\" srcset=\"https:\/\/www.schuh-henzl.de\/wp-content\/uploads\/2020\/11\/6-900x675.jpeg 900w, https:\/\/www.schuh-henzl.de\/wp-content\/uploads\/2020\/11\/6-400x300.jpeg 400w, https:\/\/www.schuh-henzl.de\/wp-content\/uploads\/2020\/11\/6-768x576.jpeg 768w, https:\/\/www.schuh-henzl.de\/wp-content\/uploads\/2020\/11\/6.jpeg 1024w\" sizes=\"auto, (max-width: 597px) 100vw, 597px\" \/><\/h6>\n<\/td>\n<td style=\"width: 50%;\"><\/td>\n<\/tr>\n<\/tbody>\n<\/table>\n<h6 style=\"text-align: left;\"><\/h6>\n<h6 style=\"text-align: left;\"><span style=\"color: #00ccff;\">Diabetes Versorgung<\/span><\/h6>\n<p style=\"text-align: left;\">F\u00fcr den Diabetiker ist eine optimale Schuhversorgung besonders wichtig.<br \/>\nDies kann durch eine Versorgung mit orthop\u00e4dischen Ma\u00dfschuhen, orthop\u00e4dischen Therapieschuhen<br \/>\nund diabetes adaptierte Fu\u00dfbettung erfolgen.<\/p>\n<table style=\"width: 100%; border-collapse: collapse; border-style: hidden;\">\n<tbody>\n<tr>\n<td style=\"width: 50%; border-style: hidden;\">\n<h6><img loading=\"lazy\" decoding=\"async\" class=\"alignnone wp-image-302 \" src=\"https:\/\/www.schuh-henzl.de\/wp-content\/uploads\/2020\/12\/2-900x675.jpeg\" alt=\"\" width=\"900\" height=\"452\" \/><\/h6>\n<\/td>\n<td style=\"width: 50%;\"><\/td>\n<\/tr>\n<\/tbody>\n<\/table>\n<h6 style=\"text-align: left;\"><\/h6>\n<h6 style=\"text-align: left;\"><span style=\"color: #00ccff;\">Orthop\u00e4dische Arbeitsschutzschuhe<\/span><\/h6>\n<p style=\"text-align: left;\">Um die Leistungsf\u00e4higkeit im Berufsleben zu erhalten, sind bei Fehlstellungen am Fu\u00dfprofessionelle<br \/>\nSchuh- und Einlagenl\u00f6sungen m\u00f6glich.<br \/>\n\u00c4nderungen am Sicherheitsschuh, sowie Einlagenversorgung k\u00f6nnen von uns nach BGR 191 durch-<br \/>\ngef\u00fchrt werden.<\/p>\n<table style=\"width: 100%; border-collapse: collapse; border-style: hidden;\">\n<tbody>\n<tr>\n<td style=\"width: 50%; border-style: hidden;\">\n<h6><img loading=\"lazy\" decoding=\"async\" class=\"alignnone wp-image-303 \" src=\"https:\/\/www.schuh-henzl.de\/wp-content\/uploads\/2020\/12\/3-900x675.jpeg\" alt=\"\" width=\"900\" height=\"458\" \/><\/h6>\n<\/td>\n<td style=\"width: 50%;\"><\/td>\n<\/tr>\n<\/tbody>\n<\/table>\n<h6 style=\"text-align: left;\"><\/h6>\n<h6 style=\"text-align: left;\"><span style=\"color: #00ccff;\">Bandagen<\/span><\/h6>\n<p style=\"text-align: left;\">Dienen zur St\u00fctzung von Gelenken und B\u00e4ndern.<\/p>\n<table style=\"width: 100%; border-collapse: collapse; border-style: hidden;\">\n<tbody>\n<tr>\n<td style=\"width: 50%; border-style: hidden;\">\n<h6><img loading=\"lazy\" decoding=\"async\" class=\"alignnone wp-image-304 size-full\" src=\"https:\/\/www.schuh-henzl.de\/wp-content\/uploads\/2020\/12\/4-e1608198629526.jpeg\" alt=\"\" width=\"1024\" height=\"768\" srcset=\"https:\/\/www.schuh-henzl.de\/wp-content\/uploads\/2020\/12\/4-e1608198629526.jpeg 1024w, https:\/\/www.schuh-henzl.de\/wp-content\/uploads\/2020\/12\/4-e1608198629526-900x675.jpeg 900w, https:\/\/www.schuh-henzl.de\/wp-content\/uploads\/2020\/12\/4-e1608198629526-400x300.jpeg 400w, https:\/\/www.schuh-henzl.de\/wp-content\/uploads\/2020\/12\/4-e1608198629526-768x576.jpeg 768w\" sizes=\"auto, (max-width: 1024px) 100vw, 1024px\" \/><\/h6>\n<\/td>\n<td style=\"width: 50%;\"><\/td>\n<\/tr>\n<\/tbody>\n<\/table>\n<h6 style=\"text-align: left;\"><\/h6>\n<h6 style=\"text-align: left;\"><span style=\"color: #00ccff;\">Hochwertige Schuhreparaturen<\/span><\/h6>\n<p style=\"text-align: left;\">Ihre getragenen Schuhe werden in unserer Werkst\u00e4tte f\u00fcr Sie wieder auf Vordermann gebracht.<\/p>\n<table style=\"width: 100%; border-collapse: collapse; border-style: hidden;\">\n<tbody>\n<tr>\n<td style=\"width: 50%; border-style: hidden;\">\n<h6><img loading=\"lazy\" decoding=\"async\" class=\"alignnone wp-image-305 alignleft\" src=\"https:\/\/www.schuh-henzl.de\/wp-content\/uploads\/2020\/12\/5-900x675.jpeg\" alt=\"\" width=\"900\" height=\"464\" \/><\/h6>\n<\/td>\n<td style=\"width: 50%;\"><\/td>\n<\/tr>\n<\/tbody>\n<\/table>\n<h6><\/h6>\n","protected":false},"excerpt":{"rendered":"<p>Orthop\u00e4dische Ma\u00dfschuhe Hierbei handelt es sich um einen Schuh, der in Einzelanfertigung hergestellt wird und mit erforderlichen Zusatzarbeiten zum orthop\u00e4dischen Ma\u00dfschuh wird. Er wird f\u00fcr den erkrankten oder funktionsgest\u00f6rten Fu\u00df erstellt und \u00fcber einen individuellen Leisten handwerklich gefertigt. Orthop\u00e4dische Einlagen Einlagen dienen\u00a0 zur Korrektur, St\u00fctzung, Bettung oder Entlastung von Fu\u00dfdeformit\u00e4ten. Sie werden aus Kork, Leder [&hellip;]<\/p>\n","protected":false},"author":3,"featured_media":39,"parent":0,"menu_order":0,"comment_status":"closed","ping_status":"closed","template":"","meta":{"footnotes":""},"class_list":["post-71","page","type-page","status-publish","has-post-thumbnail","hentry"],"yoast_head":"<!-- This site is optimized with the Yoast SEO plugin v27.1.1 - https:\/\/yoast.com\/product\/yoast-seo-wordpress\/ -->\n<title>Orthop\u00e4die - Schuh Henzl<\/title>\n<meta name=\"robots\" content=\"index, follow, max-snippet:-1, max-image-preview:large, max-video-preview:-1\" \/>\n<link rel=\"canonical\" href=\"https:\/\/www.schuh-henzl.de\/?page_id=71\" \/>\n<meta property=\"og:locale\" content=\"de_DE\" \/>\n<meta property=\"og:type\" content=\"article\" \/>\n<meta property=\"og:title\" content=\"Orthop\u00e4die - Schuh Henzl\" \/>\n<meta property=\"og:description\" content=\"Orthop\u00e4dische Ma\u00dfschuhe Hierbei handelt es sich um einen Schuh, der in Einzelanfertigung hergestellt wird und mit erforderlichen Zusatzarbeiten zum orthop\u00e4dischen Ma\u00dfschuh wird. Er wird f\u00fcr den erkrankten oder funktionsgest\u00f6rten Fu\u00df erstellt und \u00fcber einen individuellen Leisten handwerklich gefertigt. Orthop\u00e4dische Einlagen Einlagen dienen\u00a0 zur Korrektur, St\u00fctzung, Bettung oder Entlastung von Fu\u00dfdeformit\u00e4ten. Sie werden aus Kork, Leder [&hellip;]\" \/>\n<meta property=\"og:url\" content=\"https:\/\/www.schuh-henzl.de\/?page_id=71\" \/>\n<meta property=\"og:site_name\" content=\"Schuh Henzl\" \/>\n<meta property=\"article:modified_time\" content=\"2026-03-09T17:21:20+00:00\" \/>\n<meta property=\"og:image\" content=\"https:\/\/www.schuh-henzl.de\/wp-content\/uploads\/2016\/09\/orthopdie.jpg\" \/>\n\t<meta property=\"og:image:width\" content=\"774\" \/>\n\t<meta property=\"og:image:height\" content=\"639\" \/>\n\t<meta property=\"og:image:type\" content=\"image\/jpeg\" \/>\n<meta name=\"twitter:card\" content=\"summary_large_image\" \/>\n<script type=\"application\/ld+json\" class=\"yoast-schema-graph\">{\"@context\":\"https:\/\/schema.org\",\"@graph\":[{\"@type\":\"WebPage\",\"@id\":\"https:\/\/www.schuh-henzl.de\/?page_id=71\",\"url\":\"https:\/\/www.schuh-henzl.de\/?page_id=71\",\"name\":\"Orthop\u00e4die - Schuh Henzl\",\"isPartOf\":{\"@id\":\"https:\/\/www.schuh-henzl.de\/#website\"},\"primaryImageOfPage\":{\"@id\":\"https:\/\/www.schuh-henzl.de\/?page_id=71#primaryimage\"},\"image\":{\"@id\":\"https:\/\/www.schuh-henzl.de\/?page_id=71#primaryimage\"},\"thumbnailUrl\":\"https:\/\/www.schuh-henzl.de\/wp-content\/uploads\/2016\/09\/orthopdie.jpg\",\"datePublished\":\"2016-09-23T20:08:34+00:00\",\"dateModified\":\"2026-03-09T17:21:20+00:00\",\"breadcrumb\":{\"@id\":\"https:\/\/www.schuh-henzl.de\/?page_id=71#breadcrumb\"},\"inLanguage\":\"de\",\"potentialAction\":[{\"@type\":\"ReadAction\",\"target\":[\"https:\/\/www.schuh-henzl.de\/?page_id=71\"]}]},{\"@type\":\"ImageObject\",\"inLanguage\":\"de\",\"@id\":\"https:\/\/www.schuh-henzl.de\/?page_id=71#primaryimage\",\"url\":\"https:\/\/www.schuh-henzl.de\/wp-content\/uploads\/2016\/09\/orthopdie.jpg\",\"contentUrl\":\"https:\/\/www.schuh-henzl.de\/wp-content\/uploads\/2016\/09\/orthopdie.jpg\",\"width\":774,\"height\":639},{\"@type\":\"BreadcrumbList\",\"@id\":\"https:\/\/www.schuh-henzl.de\/?page_id=71#breadcrumb\",\"itemListElement\":[{\"@type\":\"ListItem\",\"position\":1,\"name\":\"Startseite\",\"item\":\"https:\/\/www.schuh-henzl.de\/\"},{\"@type\":\"ListItem\",\"position\":2,\"name\":\"Orthop\u00e4die\"}]},{\"@type\":\"WebSite\",\"@id\":\"https:\/\/www.schuh-henzl.de\/#website\",\"url\":\"https:\/\/www.schuh-henzl.de\/\",\"name\":\"Schuh Henzl\",\"description\":\"Herzlich Willkommen bei Henzl Schuhmoden &amp;\u00a0Orthop\u00e4die in Pf\u00f6rring!\",\"potentialAction\":[{\"@type\":\"SearchAction\",\"target\":{\"@type\":\"EntryPoint\",\"urlTemplate\":\"https:\/\/www.schuh-henzl.de\/?s={search_term_string}\"},\"query-input\":{\"@type\":\"PropertyValueSpecification\",\"valueRequired\":true,\"valueName\":\"search_term_string\"}}],\"inLanguage\":\"de\"}]}<\/script>\n<!-- \/ Yoast SEO plugin. -->","yoast_head_json":{"title":"Orthop\u00e4die - Schuh Henzl","robots":{"index":"index","follow":"follow","max-snippet":"max-snippet:-1","max-image-preview":"max-image-preview:large","max-video-preview":"max-video-preview:-1"},"canonical":"https:\/\/www.schuh-henzl.de\/?page_id=71","og_locale":"de_DE","og_type":"article","og_title":"Orthop\u00e4die - Schuh Henzl","og_description":"Orthop\u00e4dische Ma\u00dfschuhe Hierbei handelt es sich um einen Schuh, der in Einzelanfertigung hergestellt wird und mit erforderlichen Zusatzarbeiten zum orthop\u00e4dischen Ma\u00dfschuh wird. Er wird f\u00fcr den erkrankten oder funktionsgest\u00f6rten Fu\u00df erstellt und \u00fcber einen individuellen Leisten handwerklich gefertigt. Orthop\u00e4dische Einlagen Einlagen dienen\u00a0 zur Korrektur, St\u00fctzung, Bettung oder Entlastung von Fu\u00dfdeformit\u00e4ten. Sie werden aus Kork, Leder [&hellip;]","og_url":"https:\/\/www.schuh-henzl.de\/?page_id=71","og_site_name":"Schuh Henzl","article_modified_time":"2026-03-09T17:21:20+00:00","og_image":[{"width":774,"height":639,"url":"https:\/\/www.schuh-henzl.de\/wp-content\/uploads\/2016\/09\/orthopdie.jpg","type":"image\/jpeg"}],"twitter_card":"summary_large_image","schema":{"@context":"https:\/\/schema.org","@graph":[{"@type":"WebPage","@id":"https:\/\/www.schuh-henzl.de\/?page_id=71","url":"https:\/\/www.schuh-henzl.de\/?page_id=71","name":"Orthop\u00e4die - Schuh Henzl","isPartOf":{"@id":"https:\/\/www.schuh-henzl.de\/#website"},"primaryImageOfPage":{"@id":"https:\/\/www.schuh-henzl.de\/?page_id=71#primaryimage"},"image":{"@id":"https:\/\/www.schuh-henzl.de\/?page_id=71#primaryimage"},"thumbnailUrl":"https:\/\/www.schuh-henzl.de\/wp-content\/uploads\/2016\/09\/orthopdie.jpg","datePublished":"2016-09-23T20:08:34+00:00","dateModified":"2026-03-09T17:21:20+00:00","breadcrumb":{"@id":"https:\/\/www.schuh-henzl.de\/?page_id=71#breadcrumb"},"inLanguage":"de","potentialAction":[{"@type":"ReadAction","target":["https:\/\/www.schuh-henzl.de\/?page_id=71"]}]},{"@type":"ImageObject","inLanguage":"de","@id":"https:\/\/www.schuh-henzl.de\/?page_id=71#primaryimage","url":"https:\/\/www.schuh-henzl.de\/wp-content\/uploads\/2016\/09\/orthopdie.jpg","contentUrl":"https:\/\/www.schuh-henzl.de\/wp-content\/uploads\/2016\/09\/orthopdie.jpg","width":774,"height":639},{"@type":"BreadcrumbList","@id":"https:\/\/www.schuh-henzl.de\/?page_id=71#breadcrumb","itemListElement":[{"@type":"ListItem","position":1,"name":"Startseite","item":"https:\/\/www.schuh-henzl.de\/"},{"@type":"ListItem","position":2,"name":"Orthop\u00e4die"}]},{"@type":"WebSite","@id":"https:\/\/www.schuh-henzl.de\/#website","url":"https:\/\/www.schuh-henzl.de\/","name":"Schuh Henzl","description":"Herzlich Willkommen bei Henzl Schuhmoden &amp;\u00a0Orthop\u00e4die in Pf\u00f6rring!","potentialAction":[{"@type":"SearchAction","target":{"@type":"EntryPoint","urlTemplate":"https:\/\/www.schuh-henzl.de\/?s={search_term_string}"},"query-input":{"@type":"PropertyValueSpecification","valueRequired":true,"valueName":"search_term_string"}}],"inLanguage":"de"}]}},"_links":{"self":[{"href":"https:\/\/www.schuh-henzl.de\/index.php?rest_route=\/wp\/v2\/pages\/71","targetHints":{"allow":["GET"]}}],"collection":[{"href":"https:\/\/www.schuh-henzl.de\/index.php?rest_route=\/wp\/v2\/pages"}],"about":[{"href":"https:\/\/www.schuh-henzl.de\/index.php?rest_route=\/wp\/v2\/types\/page"}],"author":[{"embeddable":true,"href":"https:\/\/www.schuh-henzl.de\/index.php?rest_route=\/wp\/v2\/users\/3"}],"replies":[{"embeddable":true,"href":"https:\/\/www.schuh-henzl.de\/index.php?rest_route=%2Fwp%2Fv2%2Fcomments&post=71"}],"version-history":[{"count":117,"href":"https:\/\/www.schuh-henzl.de\/index.php?rest_route=\/wp\/v2\/pages\/71\/revisions"}],"predecessor-version":[{"id":410,"href":"https:\/\/www.schuh-henzl.de\/index.php?rest_route=\/wp\/v2\/pages\/71\/revisions\/410"}],"wp:featuredmedia":[{"embeddable":true,"href":"https:\/\/www.schuh-henzl.de\/index.php?rest_route=\/wp\/v2\/media\/39"}],"wp:attachment":[{"href":"https:\/\/www.schuh-henzl.de\/index.php?rest_route=%2Fwp%2Fv2%2Fmedia&parent=71"}],"curies":[{"name":"wp","href":"https:\/\/api.w.org\/{rel}","templated":true}]}}