{"id":2,"date":"2016-05-10T03:48:21","date_gmt":"2016-05-10T01:48:21","guid":{"rendered":"http:\/\/wp452m.a10-52-158-154.qa.plesk.ru\/wordpress\/?page_id=2"},"modified":"2026-03-09T18:24:50","modified_gmt":"2026-03-09T17:24:50","slug":"henzl-schuhmoden-orthopaedie-in-pfoerring","status":"publish","type":"page","link":"https:\/\/www.schuh-henzl.de\/","title":{"rendered":"Startseite"},"content":{"rendered":"\n\n\n\n\n\n\n<figure class=\"wp-block-image size-large\"><img loading=\"lazy\" decoding=\"async\" width=\"3000\" height=\"2250\" src=\"https:\/\/www.schuh-henzl.de\/wp-content\/uploads\/2026\/03\/Startseite-3000x2250.jpeg\" alt=\"\" class=\"wp-image-749\" srcset=\"https:\/\/www.schuh-henzl.de\/wp-content\/uploads\/2026\/03\/Startseite-3000x2250.jpeg 3000w, https:\/\/www.schuh-henzl.de\/wp-content\/uploads\/2026\/03\/Startseite-900x675.jpeg 900w, https:\/\/www.schuh-henzl.de\/wp-content\/uploads\/2026\/03\/Startseite-400x300.jpeg 400w, https:\/\/www.schuh-henzl.de\/wp-content\/uploads\/2026\/03\/Startseite-768x576.jpeg 768w, https:\/\/www.schuh-henzl.de\/wp-content\/uploads\/2026\/03\/Startseite-1536x1152.jpeg 1536w, https:\/\/www.schuh-henzl.de\/wp-content\/uploads\/2026\/03\/Startseite-2048x1536.jpeg 2048w\" sizes=\"auto, (max-width: 3000px) 100vw, 3000px\" \/><\/figure>\n","protected":false},"excerpt":{"rendered":"","protected":false},"author":3,"featured_media":0,"parent":0,"menu_order":1,"comment_status":"closed","ping_status":"closed","template":"","meta":{"footnotes":""},"class_list":["post-2","page","type-page","status-publish","hentry"],"yoast_head":"<!-- This site is optimized with the Yoast SEO plugin v27.1.1 - https:\/\/yoast.com\/product\/yoast-seo-wordpress\/ -->\n<title>Startseite - Schuh Henzl<\/title>\n<meta name=\"description\" content=\"Entdecke sch\u00f6ne, bequeme Schuhe, und Accessoires der aktuellen Saison. Eigene Ortop\u00e4die und Reparatur Werkstatt. Orthop\u00e4dische Ma\u00dfschuhe, Einlagen, Schuhzurichtung, Diabetes Versorgung, Bandagen, Schuhreparaturen u.v.m.\" \/>\n<meta name=\"robots\" content=\"index, follow, max-snippet:-1, max-image-preview:large, max-video-preview:-1\" \/>\n<link rel=\"canonical\" href=\"https:\/\/www.schuh-henzl.de\/\" \/>\n<meta property=\"og:locale\" content=\"de_DE\" \/>\n<meta property=\"og:type\" content=\"article\" \/>\n<meta property=\"og:title\" content=\"Startseite - Schuh Henzl\" \/>\n<meta property=\"og:description\" content=\"Entdecke sch\u00f6ne, bequeme Schuhe, und Accessoires der aktuellen Saison. Eigene Ortop\u00e4die und Reparatur Werkstatt. Orthop\u00e4dische Ma\u00dfschuhe, Einlagen, Schuhzurichtung, Diabetes Versorgung, Bandagen, Schuhreparaturen u.v.m.\" \/>\n<meta property=\"og:url\" content=\"https:\/\/www.schuh-henzl.de\/\" \/>\n<meta property=\"og:site_name\" content=\"Schuh Henzl\" \/>\n<meta property=\"article:modified_time\" content=\"2026-03-09T17:24:50+00:00\" \/>\n<meta property=\"og:image\" content=\"https:\/\/www.schuh-henzl.de\/wp-content\/uploads\/2026\/03\/Startseite-768x576.jpeg\" \/>\n\t<meta property=\"og:image:width\" content=\"768\" \/>\n\t<meta property=\"og:image:height\" content=\"576\" \/>\n\t<meta property=\"og:image:type\" content=\"image\/jpeg\" \/>\n<meta name=\"twitter:card\" content=\"summary_large_image\" \/>\n<script type=\"application\/ld+json\" class=\"yoast-schema-graph\">{\"@context\":\"https:\/\/schema.org\",\"@graph\":[{\"@type\":\"WebPage\",\"@id\":\"https:\/\/www.schuh-henzl.de\/\",\"url\":\"https:\/\/www.schuh-henzl.de\/\",\"name\":\"Startseite - Schuh Henzl\",\"isPartOf\":{\"@id\":\"https:\/\/www.schuh-henzl.de\/#website\"},\"primaryImageOfPage\":{\"@id\":\"https:\/\/www.schuh-henzl.de\/#primaryimage\"},\"image\":{\"@id\":\"https:\/\/www.schuh-henzl.de\/#primaryimage\"},\"thumbnailUrl\":\"https:\/\/www.schuh-henzl.de\/wp-content\/uploads\/2026\/03\/Startseite-3000x2250.jpeg\",\"datePublished\":\"2016-05-10T01:48:21+00:00\",\"dateModified\":\"2026-03-09T17:24:50+00:00\",\"description\":\"Entdecke sch\u00f6ne, bequeme Schuhe, und Accessoires der aktuellen Saison. Eigene Ortop\u00e4die und Reparatur Werkstatt. Orthop\u00e4dische Ma\u00dfschuhe, Einlagen, Schuhzurichtung, Diabetes Versorgung, Bandagen, Schuhreparaturen u.v.m.\",\"breadcrumb\":{\"@id\":\"https:\/\/www.schuh-henzl.de\/#breadcrumb\"},\"inLanguage\":\"de\",\"potentialAction\":[{\"@type\":\"ReadAction\",\"target\":[\"https:\/\/www.schuh-henzl.de\/\"]}]},{\"@type\":\"ImageObject\",\"inLanguage\":\"de\",\"@id\":\"https:\/\/www.schuh-henzl.de\/#primaryimage\",\"url\":\"https:\/\/www.schuh-henzl.de\/wp-content\/uploads\/2026\/03\/Startseite-scaled.jpeg\",\"contentUrl\":\"https:\/\/www.schuh-henzl.de\/wp-content\/uploads\/2026\/03\/Startseite-scaled.jpeg\",\"width\":2560,\"height\":1920},{\"@type\":\"BreadcrumbList\",\"@id\":\"https:\/\/www.schuh-henzl.de\/#breadcrumb\",\"itemListElement\":[{\"@type\":\"ListItem\",\"position\":1,\"name\":\"Startseite\",\"item\":\"https:\/\/www.schuh-henzl.de\/\"},{\"@type\":\"ListItem\",\"position\":2,\"name\":\"Startseite\"}]},{\"@type\":\"WebSite\",\"@id\":\"https:\/\/www.schuh-henzl.de\/#website\",\"url\":\"https:\/\/www.schuh-henzl.de\/\",\"name\":\"Schuh Henzl\",\"description\":\"Herzlich Willkommen bei Henzl Schuhmoden &amp;\u00a0Orthop\u00e4die in Pf\u00f6rring!\",\"potentialAction\":[{\"@type\":\"SearchAction\",\"target\":{\"@type\":\"EntryPoint\",\"urlTemplate\":\"https:\/\/www.schuh-henzl.de\/?s={search_term_string}\"},\"query-input\":{\"@type\":\"PropertyValueSpecification\",\"valueRequired\":true,\"valueName\":\"search_term_string\"}}],\"inLanguage\":\"de\"}]}<\/script>\n<!-- \/ Yoast SEO plugin. -->","yoast_head_json":{"title":"Startseite - Schuh Henzl","description":"Entdecke sch\u00f6ne, bequeme Schuhe, und Accessoires der aktuellen Saison. Eigene Ortop\u00e4die und Reparatur Werkstatt. Orthop\u00e4dische Ma\u00dfschuhe, Einlagen, Schuhzurichtung, Diabetes Versorgung, Bandagen, Schuhreparaturen u.v.m.","robots":{"index":"index","follow":"follow","max-snippet":"max-snippet:-1","max-image-preview":"max-image-preview:large","max-video-preview":"max-video-preview:-1"},"canonical":"https:\/\/www.schuh-henzl.de\/","og_locale":"de_DE","og_type":"article","og_title":"Startseite - Schuh Henzl","og_description":"Entdecke sch\u00f6ne, bequeme Schuhe, und Accessoires der aktuellen Saison. Eigene Ortop\u00e4die und Reparatur Werkstatt. Orthop\u00e4dische Ma\u00dfschuhe, Einlagen, Schuhzurichtung, Diabetes Versorgung, Bandagen, Schuhreparaturen u.v.m.","og_url":"https:\/\/www.schuh-henzl.de\/","og_site_name":"Schuh Henzl","article_modified_time":"2026-03-09T17:24:50+00:00","og_image":[{"width":768,"height":576,"url":"https:\/\/www.schuh-henzl.de\/wp-content\/uploads\/2026\/03\/Startseite-768x576.jpeg","type":"image\/jpeg"}],"twitter_card":"summary_large_image","schema":{"@context":"https:\/\/schema.org","@graph":[{"@type":"WebPage","@id":"https:\/\/www.schuh-henzl.de\/","url":"https:\/\/www.schuh-henzl.de\/","name":"Startseite - Schuh Henzl","isPartOf":{"@id":"https:\/\/www.schuh-henzl.de\/#website"},"primaryImageOfPage":{"@id":"https:\/\/www.schuh-henzl.de\/#primaryimage"},"image":{"@id":"https:\/\/www.schuh-henzl.de\/#primaryimage"},"thumbnailUrl":"https:\/\/www.schuh-henzl.de\/wp-content\/uploads\/2026\/03\/Startseite-3000x2250.jpeg","datePublished":"2016-05-10T01:48:21+00:00","dateModified":"2026-03-09T17:24:50+00:00","description":"Entdecke sch\u00f6ne, bequeme Schuhe, und Accessoires der aktuellen Saison. Eigene Ortop\u00e4die und Reparatur Werkstatt. Orthop\u00e4dische Ma\u00dfschuhe, Einlagen, Schuhzurichtung, Diabetes Versorgung, Bandagen, Schuhreparaturen u.v.m.","breadcrumb":{"@id":"https:\/\/www.schuh-henzl.de\/#breadcrumb"},"inLanguage":"de","potentialAction":[{"@type":"ReadAction","target":["https:\/\/www.schuh-henzl.de\/"]}]},{"@type":"ImageObject","inLanguage":"de","@id":"https:\/\/www.schuh-henzl.de\/#primaryimage","url":"https:\/\/www.schuh-henzl.de\/wp-content\/uploads\/2026\/03\/Startseite-scaled.jpeg","contentUrl":"https:\/\/www.schuh-henzl.de\/wp-content\/uploads\/2026\/03\/Startseite-scaled.jpeg","width":2560,"height":1920},{"@type":"BreadcrumbList","@id":"https:\/\/www.schuh-henzl.de\/#breadcrumb","itemListElement":[{"@type":"ListItem","position":1,"name":"Startseite","item":"https:\/\/www.schuh-henzl.de\/"},{"@type":"ListItem","position":2,"name":"Startseite"}]},{"@type":"WebSite","@id":"https:\/\/www.schuh-henzl.de\/#website","url":"https:\/\/www.schuh-henzl.de\/","name":"Schuh Henzl","description":"Herzlich Willkommen bei Henzl Schuhmoden &amp;\u00a0Orthop\u00e4die in Pf\u00f6rring!","potentialAction":[{"@type":"SearchAction","target":{"@type":"EntryPoint","urlTemplate":"https:\/\/www.schuh-henzl.de\/?s={search_term_string}"},"query-input":{"@type":"PropertyValueSpecification","valueRequired":true,"valueName":"search_term_string"}}],"inLanguage":"de"}]}},"_links":{"self":[{"href":"https:\/\/www.schuh-henzl.de\/index.php?rest_route=\/wp\/v2\/pages\/2","targetHints":{"allow":["GET"]}}],"collection":[{"href":"https:\/\/www.schuh-henzl.de\/index.php?rest_route=\/wp\/v2\/pages"}],"about":[{"href":"https:\/\/www.schuh-henzl.de\/index.php?rest_route=\/wp\/v2\/types\/page"}],"author":[{"embeddable":true,"href":"https:\/\/www.schuh-henzl.de\/index.php?rest_route=\/wp\/v2\/users\/3"}],"replies":[{"embeddable":true,"href":"https:\/\/www.schuh-henzl.de\/index.php?rest_route=%2Fwp%2Fv2%2Fcomments&post=2"}],"version-history":[{"count":25,"href":"https:\/\/www.schuh-henzl.de\/index.php?rest_route=\/wp\/v2\/pages\/2\/revisions"}],"predecessor-version":[{"id":751,"href":"https:\/\/www.schuh-henzl.de\/index.php?rest_route=\/wp\/v2\/pages\/2\/revisions\/751"}],"wp:attachment":[{"href":"https:\/\/www.schuh-henzl.de\/index.php?rest_route=%2Fwp%2Fv2%2Fmedia&parent=2"}],"curies":[{"name":"wp","href":"https:\/\/api.w.org\/{rel}","templated":true}]}}